 q.
19
Suppose 3*m = 7*m - 44. Calculate the highest common divisor of m and 99.
11
Let q(g) = 2*g + 4. Let r be q(3). Suppose 5*o = r + 10. Calculate the highest common divisor of 1 and o.
1
Let o = 32 + -17. Calculate the highest common factor of o and 75.
15
Let f be ((-6)/(-3))/((-4)/(-4)). Suppose 5*q + 8 = 3*m, 2*m = -5*q - 1 - 2. Let y = q + 3. What is the greatest common divisor of y and f?
2
Let r be 2/(-6) + (-362)/(-6). What is the greatest common divisor of r and 24?
12
Suppose 0 = 10*h - h - 234. What is the greatest common factor of 13 and h?
13
Let o = 66 + -18. What is the highest common factor of o and 6?
6
Let m be (-12 - -10)*-1*13. What is the greatest common divisor of 13 and m?
13
Let h(t) = -t**3 - 8*t**2 - 7*t + 2. Let d be h(-7). Calculate the greatest common factor of d and 2.
2
Let l = -6 + 7. Let z = l - -4. Calculate the greatest common divisor of z and 45.
5
Let b = 22 + -38. Suppose 4*k - 3*k = 29. Let d = b + k. What is the greatest common factor of 117 and d?
13
Let h(i) = i + 9. Let c be h(-9). Suppose c = -4*z + 2*z + 36. Calculate the highest common factor of 36 and z.
18
Suppose s - 3*c = -s - 2, 3*s + c = 19. Suppose 2*t + 0 - 8 = 0. Suppose 1 = s*w - t, w + 34 = 5*d. Calculate the highest common factor of d and 7.
7
Suppose 4*c = 153 - 49. Suppose 3*g - p = -4*p + 48, -3*g + 48 = -3*p. Let b = c - g. Calculate the highest common factor of 40 and b.
10
Let n = -1 - -2. Let r be (-18 - (n - 0))/(-1). Suppose 4*h = -5*g + r, 2*g = -3*h - 3*g + 8. What is the highest common factor of h and 88?
11
Suppose 4*d - 88 = 4*c, 3*c - c = -4*d + 88. Suppose y = -3*y + 12. Suppose -y*a + 88 = a. What is the highest common factor of d and a?
22
Suppose -b + 4*b = 45. Let x(h) = -276*h - 3. Let l be x(-3). Suppose -z - l = -6*z. What is the greatest common factor of z and b?
15
Let w(t) = t**3 + 7*t**2 + 4*t - 8. Suppose -a - 4*a = 30. Let j be w(a). Suppose -13 = -3*o - 2*y, -j*y = -0 - 8. What is the highest common factor of o and 3?
3
Suppose 2*b - 30 = -0*b. Let s = 6 + b. Suppose 3*x - 36 = f + 7, x + f = 13. What is the greatest common divisor of s and x?
7
Let m = -6 + 4. Let a be -2 + (m - -30) + -1. What is the highest common factor of a and 5?
5
Suppose -1 = -2*l + 5*b, 2*l - 35 - 16 = -5*b. Suppose -2*n + 3 = n. Let d be 1/n*(-104)/(-8). Calculate the highest common factor of d and l.
13
Suppose 0 = 4*x + t + 31, -x + 0*t - t - 10 = 0. Let y = x - -7. Let g be -2 + (0 - -62) + y. What is the greatest common factor of g and 15?
15
Let d be 13 + -1 + 0 + 0. Suppose -5*o = -0*x - 3*x - 141, 2*o = -x + 63. What is the highest common divisor of o and d?
6
Let q be 0*(3/2 - 1). Suppose 3*h - 4*h + 9 = q. Calculate the highest common factor of h and 9.
9
Let g = 53 + -21. Suppose 3*s = -s + g. Calculate the greatest common factor of s and 12.
4
Let r = -16 - -48. Suppose i = -3*i + r. Calculate the greatest common factor of i and 8.
8
Let b be ((-148)/6)/((-3)/18). Let j = -100 + b. Let r be 2/(-12) + (-3031)/(-42). What is the greatest common divisor of j and r?
24
Let o(b) = b**3 + 10*b**2 + b - 10. Let w(s) = s**3 - 8*s**2 - 8. Let q be w(8). Let h be o(q). What is the highest common factor of h and 10?
10
Let r(w) = -4*w - 2. Let m be r(-4). Suppose 0 = -g - 0*g + 98. Calculate the greatest common factor of m and g.
14
Let h = 60 - -93. Suppose -14 = -3*d - 2. Let x be 1/d + (-134)/(-8). Calculate the highest common divisor of x and h.
17
Suppose -5*w = -c + 2, -2*c - 3*w + 8 = 2*c. What is the highest common factor of c and 14?
2
Let a be -24*(9 + -5 - 7). What is the highest common factor of a and 24?
24
Let y(n) = n**2 - 2. Let s be y(2). Suppose -2*p - 3*q + 73 = 0, -p - s*q = -q - 39. Calculate the greatest common divisor of p and 66.
22
Suppose -18 = -4*c - 2*j + j, j = -3*c + 14. Suppose v + 5*h + 25 = h, -4*h = 4*v + 112. Let y = -9 - v. Calculate the greatest common factor of y and c.
4
Suppose 6*y = -y + 14. Suppose 232 + 16 = i - 3*x, 0 = -3*x + 12. Suppose -y*u - 50 = -i. Calculate the highest common divisor of 15 and u.
15
Suppose -j - 4*t = -3*j + 206, -5*t + 386 = 4*j. Calculate the greatest common factor of j and 11.
11
Suppose -6 = 5*l + 79. Let r = l - -30. What is the highest common factor of r and 52?
13
Suppose 0 = -2*o + o + 3. Suppose 0 = -4*k + 16, 6*l - o*k = l + 23. Calculate the greatest common factor of l and 42.
7
Let r = 442 - 115. Suppose -n = -4*l + n + 434, -2*n = -3*l + r. Let b = l - 59. What is the greatest common divisor of b and 32?
16
Let c be 30*(-6)/(-16)*(-48)/(-36). Calculate the greatest common divisor of 24 and c.
3
Let r be (-369)/3 + 6/(-3). Let z = -5 - r. Calculate the highest common factor of z and 15.
15
Suppose -22 = -2*t - 4. What is the greatest common divisor of 3 and t?
3
Suppose 450 = -3*k + 6*k. Let r = k - 107. Suppose 2*u = r + 17. What is the highest common factor of 45 and u?
15
Let y be -1*(1 + 1)*(-13)/2. What is the highest common divisor of y and 104?
13
Let s be ((-4)/(-6))/((-8)/(-84)). Suppose 0 = t - k + 3 - 8, -5*k = -10. Calculate the greatest common divisor of s and t.
7
Let d(m) = 7*m**2 - 3*m - 2. Let b be d(2). Calculate the greatest common divisor of b and 160.
20
Let r(z) be the third derivative of -2*z**4 + z**3/2 + z**2. Let y be r(-3). Suppose -q = -4*q + y. What is the highest common divisor of q and 7?
7
Let a = -19 + 43. Suppose 3*g - 122 = z, 2*g = 4*z + 74 + a. Calculate the highest common divisor of g and 13.
13
Let y = 28 - 14. Let f be y*(4 - (-3 - -2)). What is the greatest common divisor of 10 and f?
10
Suppose -48 = -2*m + 32. Suppose -4*z + 7*z - 280 = 5*f, -3*z = -4*f - 284. Calculate the greatest common divisor of z and m.
20
Let d(i) = -7*i - 4. Let f be d(2). Let b be (-5)/(-2) - f/12. What is the highest common divisor of b and 16?
4
Suppose k - 2 = -q, 0 = -k + q + 7 - 1. Calculate the greatest common factor of k and 16.
4
Let x be (6/15 - 0) + 231/35. Let t be 71 - (2 - 1)*1. Calculate the highest common divisor of t and x.
7
Suppose -2*l = -0*l - 18. Suppose 4*t = 5*t - l. Let w = 5 - 4. What is the highest common divisor of w and t?
1
Let u(t) = -t + 5. Let g be u(3). Let x(w) = -w**2 + 2*w + 9. Let n be x(4). What is the highest common divisor of n and g?
1
Suppose 80 = 5*m + 5. What is the highest common divisor of m and 120?
15
Suppose w - 4 + 1 = 0. Let o = 41 + -29. What is the greatest common divisor of o and w?
3
Let o = 17 - 6. What is the greatest common factor of o and 176?
11
Let c be 1/((-1)/(-17) - 0). Suppose 6*k - 25 = k. Suppose -o + 4*w + 169 = 0, -k*w - 337 = -5*o + 448. Calculate the highest common divisor of c and o.
17
Suppose -101 = 4*i + 375. Let p(h) = 58*h - 4. Let x be p(3). Let u = i + x. What is the highest common factor of 17 and u?
17
Let u(o) = 145*o**2 - 1. Let i be u(1). Suppose 4*f = f - 4*j + 80, -4*f + 2*j + 136 = 0. Suppose -y - y = -f. Calculate the greatest common factor of i and y.
16
Let m = 4 + -1. Suppose 0 = -3*o + 3, 3*j + m*o - o = 50. Suppose -3*f = -5*f + j. What is the highest common divisor of 24 and f?
8
Let f(y) = 2*y + 2. Let x be f(3). Suppose 0 = -5*c + k + 61, -13 = -2*c + 4*k + 15. Calculate the highest common divisor of x and c.
4
Let i be 2/3 + (3 - (-184)/12). What is the greatest common factor of 19 and i?
19
Let z = 18 + -7. Let b be (-21)/(-2) + 3/6. Calculate the greatest common factor of z and b.
11
Let u(j) = -197*j**3 + 2*j**2 - j - 2. Let y be u(-1). Calculate the greatest common divisor of y and 18.
18
Suppose 5*z - 4*k - 52 = 0, -2*z - 3*k = -45 + 15. Calculate the greatest common divisor of 8 and z.
4
Suppose -4*i - 4*h + 2*h = -16, 4*i - 5*h = 2. Let m = i + 21. Calculate the highest common divisor of 8 and m.
8
Let a be (48/5)/((-2)/(-10)). Let h = a + -32. Calculate the greatest common factor of h and 144.
16
Let y be 1 + 1 + 111 + 2. Calculate the greatest common factor of y and 46.
23
Suppose 5*d - 5 = 4*r + 50, 3*d - 27 = 2*r. Let k be 252/10 + 3/r. What is the highest common divisor of k and 75?
25
Let s(g) = 14*g + 392. Let c be s(-17). Suppose -2*z + 56 = 2*z. What is the greatest common factor of z and c?
14
Let o(b) = 14*b + 2. Let y be o(3). Suppose -x + y = 5. Let d be (-39)/(-2)*22/33. Calculate the highest common factor of 